a multiple of 12?
False
Let x be (-2)/(2 + -1) + 25. Let l be 4 + 18/2 - 0. Let i = x - l. Is 5 a factor of i?
True
Let f(w) = 2*w**2 - 6 - 5*w - 3*w + w - 3*w**2. Let k be f(-4). Suppose -k*b + 270 = -3*b. Is 30 a factor of b?
True
Suppose 0 = 340*b - 331*b + 612. Let q(u) = -4*u**3 - 4*u**2 + 4. Let t be q(3). Let j = b - t. Is 24 a factor of j?
True
Let c = -86 - -146. Let o = -40 + c. Suppose -o = -q - q. Is 5 a factor of q?
True
Let u(j) = -5*j - 1. Let i be u(-2). Let g be (i/(-5))/((-3)/10). Suppose -g*a - c + 293 = -a, -2*a + c = -113. Is a a multiple of 29?
True
Suppose 0 = -y + 62*n - 57*n + 428, -2140 = -5*y - n. Is y a multiple of 47?
False
Let p(m) = -5*m - 10. Let n be p(0). Is n/(-15) + -2 + 43/3 a multiple of 5?
False
Suppose 15*q - 6292 = 1808. Is q a multiple of 6?
True
Suppose -z - h + 5 = 0, 6 = 4*z + 3*h - 16. Suppose -2*q + 63 = z. Does 7 divide q?
True
Let a = 21 + -17. Suppose 94 = 3*t + a*r, -4*t = 4*r - 0*r - 128. Suppose -t = -3*j + 56. Is j a multiple of 6?
True
Let r = -1555 + 1793. Is 17 a factor of r?
True
Let x = 353 - 175. Suppose -3*g + 107 + x = 0. Is g a multiple of 9?
False
Let o = -111 + 241. Let f = o + -88. Does 7 divide f?
True
Suppose 0 = 6*z + 2*z - 24. Is 41 a factor of 164/z*(-39)/(-26)?
True
Suppose -994 = -a + p, -3*a + 7*p - 3*p = -2985. Is a a multiple of 14?
False
Suppose 5*c - 259 = 3*q + 1387, 0 = 5*q + 10. Is c a multiple of 5?
False
Let k(z) = -z**3 - 18*z**2 - 26*z - 28. Let h be k(-17). Does 10 divide 3*(-12)/(-45)*h?
True
Let g(o) = o**2 + 10*o + 23. Let m be g(-7). Let y(h) = h**2 + 3*h - 1. Let q be y(-4). Does 8 divide (-1 - q) + 19*m?
False
Let u = 1444 - 868. Does 32 divide u?
True
Does 19 divide (-1 - 31/(-3))/((-224)/(-31920))?
True
Let l = 490 - 485. Does 5 divide l?
True
Let p be (-480)/(-15)*18/8. Suppose -w = -2*k + w + 50, 3*k - 2*w - p = 0. Does 11 divide k?
True
Suppose -18*z + 360 = 2*z. Is z a multiple of 6?
True
Suppose -o + 1568 = -1042. Is o a multiple of 30?
True
Suppose -11 - 1 = -6*v. Is 7 a factor of (-4 + v - 2) + 41?
False
Suppose 2*i + 2*o = 290, -4*i - 6*o + 580 = -o. Is 22 a factor of i?
False
Suppose -2*b = 4*c - b - 58, -2 = b. Let z = c + -9. Is 3 a factor of z?
True
Let v(d) = d + 45. Is 2 a factor of v(18)?
False
Let d = -14 - 12. Let l = 104 - d. Does 25 divide l?
False
Suppose -3*f + 26 = 2*v, -2*v - v = -3*f - 9. Let a(n) = -n**2 + 1. Let r(o) = -6*o + 3. Let j(s) = -2*a(s) + r(s). Is j(v) a multiple of 26?
False
Suppose -76 = -t + 4*b, 5*t = 5*b + 47 + 393. Let a = t - 62. Is a a multiple of 6?
True
Let c(p) = 4*p + 41. Let k(x) = -2*x - 20. Suppose -8 = -9*q + 37. Let l(m) = q*k(m) + 2*c(m). Is l(-14) a multiple of 7?
False
Suppose 1 = 2*v + 5*n + 22, -9 = 3*v + 3*n. Suppose -15 = -v*f + 57. Is 12 a factor of f?
True
Let a(v) = -10*v - 4. Let o(d) = -11*d - 5. Let k(x) = 4*a(x) - 3*o(x). Is k(-4) a multiple of 27?
True
Let f(z) = 60*z + 69. Does 17 divide f(32)?
True
Let y(j) = 46*j + 541. Is y(21) a multiple of 12?
False
Let v(i) = i**2 - 4*i - 25. Suppose 2*k = -0*k - 2*o, -2*k - 25 = -3*o. Is 5 a factor of v(k)?
True
Let j(t) = -7*t**3 - 8*t**2 - 6*t + 7. Let p(r) = -6*r**3 - 8*r**2 - 5*r + 6. Let g(u) = -5*j(u) + 6*p(u). Let m be g(-8). Is 10 a factor of (-20)/(-2)*(1 + m)?
True
Let m = 105 - 71. Let r = m - -39. Is 10 a factor of r?
False
Suppose -5*r + 203 = -172. Is 15 a factor of r?
True
Let h(q) = -2*q**3 - 7*q - 65. Does 67 divide h(-7)?
True
Suppose -2*k = -3*k - 1, -2*k = -z + 602. Does 60 divide z?
True
Suppose -4*x + 566 = 3*m, 5*m + 270 = -x + 3*x. Suppose -x = -2*i + 4*f, -2*i - 4*f = -f - 126. Is 10 a factor of i?
False
Let c(j) = -35*j - 45. Does 3 divide c(-3)?
True
Let q(g) = -g**2 + 29*g + 6. Suppose 0 = 5*s + 3*a - 109, -3*a + 8*a = -4*s + 95. Does 25 divide q(s)?
False
Suppose 4*g + 5 = -2*i + 19, 4*g = i + 5. Let u(m) = 17*m**2 - 10*m**2 + 2*m**i - m**3 + 6*m + 8. Does 3 divide u(-6)?
False
Let n(o) = o**3 - 7*o**2 + 5. Let z be n(7). Suppose 4*x - 131 = -z*k + 244, x - 93 = -k. Does 23 divide x?
False
Let j(i) = 7*i**3 - 9*i**2 + 14*i - 7. Is 16 a factor of j(4)?
False
Suppose -17*m - 15*m + 52704 = 0. Is 69 a factor of m?
False
Let z = 1409 + -1299. Is z a multiple of 5?
True
Let z = 953 - 589. Is z a multiple of 8?
False
Suppose -3*j = -417 - 333. Suppose -j = -7*a + 135. Does 10 divide a?
False
Suppose -15*l + 1571 = -1039. Does 39 divide l?
False
Let n(j) = 17*j + 109. Is n(19) a multiple of 6?
True
Let a = -194 + 413. Is 13 a factor of a?
False
Does 26 divide (-3)/(12/4*-1) - -25?
True
Let b be ((-84)/(-63))/(4/6). Let o = 181 - 119. Suppose b*h - o = -0*h. Is h a multiple of 14?
False
Is -7 - -102*9 - 1 a multiple of 26?
True
Let n = 104 - 66. Is 38 a factor of n?
True
Let x be (-9)/(9/(-2)) + 0. Suppose -4*r = -4*w - 296, -x*w - 299 = -4*r - w. Does 35 divide r?
False
Does 49 divide ((-343)/2)/((-248)/(-32) - 8)?
True
Let m(k) = -k**3 + 8*k**2 - k + 6. Let q be ((-8)/14)/(8/(-84)). Does 6 divide m(q)?
True
Suppose 2*z + 3*q - 39 = 13, 4*z = -4*q + 96. Does 20 divide z?
True
Suppose 0 = -2*c + 5*j + 23, j - 2 = -5. Let d be 68*(15/c)/3. Let q = 129 - d. Is q a multiple of 14?
False
Let d(n) = n**3 - 5*n**2 + 13*n - 5. Let a be d(7). Suppose -49*q = -45*q - a. Is q a multiple of 7?
False
Suppose 5*b = 3*n - 10 - 2, -b + 3*n = 0. Let v(f) = f**3 + f**2 + 2*f - 2. Let r be v(b). Let g = r - -78. Is 13 a factor of g?
True
Let o(h) = 18*h**2 + 2*h - 2. Let g be o(1). Suppose -14*q - 160 = -g*q. Is q a multiple of 3?
False
Let b(l) be the third derivative of -21*l**4/4 + 7*l**3/3 + 13*l**2. Does 26 divide b(-2)?
False
Let o(d) = -2*d**2 - 44*d - 65. Is 15 a factor of o(-20)?
True
Let m = -4 - -6. Suppose 3*g = 3*v + 18, 3*v + 0 + m = -5*g. Suppose 5*s - 104 = -4*o, -s = g*o - 0*s - 52. Does 8 divide o?
False
Suppose 0 = a + 2*a - 18. Let v be -1*(-22)/(-2 + 0). Let u = a - v. Is u a multiple of 8?
False
Let l = -121 - -1121. Is l a multiple of 54?
False
Suppose -6*l - 87 = -9*l. Suppose -80 = -5*f + 5*w, -5*f - 3*w + l = -f. Does 9 divide f?
False
Let w(c) = -5*c**3 + 16*c**2 - 5*c - 1. Let r(v) = -4*v**3 + 15*v**2 - 4*v - 2. Let g(a) = 6*r(a) - 5*w(a). Is g(-7) a multiple of 20?
False
Let u = 12 - 4. Suppose 0 = 2*m + u + 4. Is 8 a factor of (-65)/(-3) - m/(-9)?
False
Let w(n) = -5*n + n - 7*n**3 - n**2 + 6*n**3 - 5*n**2. Let f be w(-3). Let j = 39 + f. Is 7 a factor of j?
False
Let z = -184 + 318. Let o = z + -44. Suppose n - o = -n. Does 15 divide n?
True
Let l(s) = -s**2 - 9*s - 9. Let g be l(-6). Suppose -2*i + 69 - g = 0. Suppose 4 = a, 2*o - 5*a + i = 3*o. Does 4 divide o?
False
Let a = 418 + -239. Let k = a - 19. Is k a multiple of 27?
False
Suppose 4*t + 14 = 4*x + 134, 6 = 2*x. Let p = 53 - t. Does 5 divide p?
True
Let w(i) = -i**3 - 4*i**2 + 9*i + 9. Let q be w(-5). Let f(s) = s**2 + 10*s + 6. Is 2 a factor of f(q)?
False
Let q(y) = 7*y + 10 - 8*y + 4. Let a be q(9). Suppose 4*i + s - 369 = 0, a*s + 179 = -3*i + 5*i. Is 17 a factor of i?
False
Let k be (3/6*0)/1. Suppose 3*o - 111 = -k*o. Suppose -4*m + o = -27. Is 4 a factor of m?
True
Let g = 30 + -26. Suppose 5*j - 3*q = 30, 2*q - g = -5*j + 1. Is 2*j/2 + 10 a multiple of 5?
False
Let f(z) = -101*z - 96. Is 10 a factor of f(-16)?
True
Let m(r) = 2*r**3 + 12*r**2 - 2*r - 20. Let d be m(-15). Is 19 a factor of ((-14)/8 - -2)/((-10)/d)?
False
Suppose 0 = 4*r - 2*l - 174, -5*r + 198 = 4*l + 13. Suppose r = 2*t + 141. Does 16 divide t/(-3) - 12/18?
True
Suppose -3*b + 32 = y, 42 = 2*b + 3*b - 4*y. Let q be (b/(-25))/(4/(-20)). Suppose 5 = q*k - 5. Is k a multiple of 3?
False
Let v(u) = 2*u**2 + 6*u + 2. Suppose -3*f + 3*b - 2*b = 16, -f - 2*b - 17 = 0. Is v(f) a multiple of 29?
True
Suppose -5*t = 1614 - 4954. Does 9 divide t?
False
Let r(o) = o**3 + 7*o**2 - 3. Let a be r(-7). Let x be 1 + a + 12/3. Suppose -99 = -x*t - 2*t + p, -2*p - 23 = -t. Is 14 a factor of t?
False
Let y be 2 + -2*4/8. Let x be (-40 + -4)/(-1 - y). Is x*1*(-6)/(-4) a multiple of 11?
True
Let g(v) = -v**2 + v + 20. Let s be g(0). Let n be 3/15 + 56/s. Suppose -5 = n*c - 95. Is c a multiple of 10?
True
Let z = -106 - -110. Does 9 divide ((-3)/12*-2)/(z/1528)?
False
Let g(j) be the second derivative of -j**5/5 + j**4/12 + 2*j**3/3 + 3*j**2/2 + 5*j. Is g(-2) a multiple of 21?
False
Let y(q) =